{"id":70,"date":"2023-06-12T09:26:05","date_gmt":"2023-06-12T07:26:05","guid":{"rendered":"http:\/\/creationspetitsloupscouture.fr\/?page_id=70"},"modified":"2023-06-14T10:30:25","modified_gmt":"2023-06-14T08:30:25","slug":"a-propos","status":"publish","type":"page","link":"https:\/\/creationspetitsloupscouture.fr\/index.php\/a-propos\/","title":{"rendered":"A propos"},"content":{"rendered":"\n<p>Suite \u00e0 l&rsquo;annonce de ma fille qui voulait un b\u00e9b\u00e9, Cr\u00e9ationspetitsloupscouture a vu le jour.<\/p>\n\n\n\n<p>Apr\u00e8s avoir fait toute la panoplie pour mon petit fils qui a point\u00e9 le bout de son nez en Avril 2019 c&rsquo;est devenue une passion &#8230;<\/p>\n\n\n\n<p>J&rsquo;ai ouvert ma ME en Juillet 2019, autodidacte je m&rsquo;\u00e9loigne parfois des cr\u00e9ations b\u00e9b\u00e9 mais cela reste ma priorit\u00e9.<\/p>\n\n\n\n<p>Toutes mes cr\u00e9ations sont en tissus coton, \u00e9ponge 100% coton ou minky.<\/p>\n\n\n\n<p>Je r\u00e9alise sur commande des cr\u00e9ations personnalis\u00e9es en broderie ou flex<\/p>\n\n\n<div class=\"wp-block-image\">\n<figure class=\"aligncenter size-large is-resized\"><img loading=\"lazy\" decoding=\"async\" src=\"https:\/\/creationspetitsloupscouture.fr\/wp-content\/uploads\/2023\/06\/309364133_5697406773651339_7555937083711481894_n-768x1024.jpg\" alt=\"\" class=\"wp-image-71\" width=\"327\" height=\"436\" srcset=\"https:\/\/creationspetitsloupscouture.fr\/wp-content\/uploads\/2023\/06\/309364133_5697406773651339_7555937083711481894_n-768x1024.jpg 768w, https:\/\/creationspetitsloupscouture.fr\/wp-content\/uploads\/2023\/06\/309364133_5697406773651339_7555937083711481894_n-225x300.jpg 225w, https:\/\/creationspetitsloupscouture.fr\/wp-content\/uploads\/2023\/06\/309364133_5697406773651339_7555937083711481894_n-1152x1536.jpg 1152w, https:\/\/creationspetitsloupscouture.fr\/wp-content\/uploads\/2023\/06\/309364133_5697406773651339_7555937083711481894_n-600x800.jpg 600w, https:\/\/creationspetitsloupscouture.fr\/wp-content\/uploads\/2023\/06\/309364133_5697406773651339_7555937083711481894_n.jpg 1500w\" sizes=\"auto, (max-width: 327px) 100vw, 327px\" \/><\/figure>\n<\/div>","protected":false},"excerpt":{"rendered":"<p>Suite \u00e0 l&rsquo;annonce de ma fille qui voulait un b\u00e9b\u00e9, Cr\u00e9ationspetitsloupscouture a vu le jour. Apr\u00e8s avoir fait toute la panoplie pour mon petit fils qui a point\u00e9 le bout de son nez en Avril 2019 c&rsquo;est devenue une passion &#8230; J&rsquo;ai ouvert ma ME en Juillet 2019, autodidacte je m&rsquo;\u00e9loigne parfois des cr\u00e9ations b\u00e9b\u00e9&hellip; <a class=\"more-link\" href=\"https:\/\/creationspetitsloupscouture.fr\/index.php\/a-propos\/\">Poursuivre la lecture <span class=\"screen-reader-text\">A propos<\/span><\/a><\/p>\n","protected":false},"author":1,"featured_media":0,"parent":0,"menu_order":0,"comment_status":"closed","ping_status":"closed","template":"","meta":{"footnotes":""},"class_list":["post-70","page","type-page","status-publish","hentry","entry"],"_links":{"self":[{"href":"https:\/\/creationspetitsloupscouture.fr\/index.php\/wp-json\/wp\/v2\/pages\/70","targetHints":{"allow":["GET"]}}],"collection":[{"href":"https:\/\/creationspetitsloupscouture.fr\/index.php\/wp-json\/wp\/v2\/pages"}],"about":[{"href":"https:\/\/creationspetitsloupscouture.fr\/index.php\/wp-json\/wp\/v2\/types\/page"}],"author":[{"embeddable":true,"href":"https:\/\/creationspetitsloupscouture.fr\/index.php\/wp-json\/wp\/v2\/users\/1"}],"replies":[{"embeddable":true,"href":"https:\/\/creationspetitsloupscouture.fr\/index.php\/wp-json\/wp\/v2\/comments?post=70"}],"version-history":[{"count":2,"href":"https:\/\/creationspetitsloupscouture.fr\/index.php\/wp-json\/wp\/v2\/pages\/70\/revisions"}],"predecessor-version":[{"id":237,"href":"https:\/\/creationspetitsloupscouture.fr\/index.php\/wp-json\/wp\/v2\/pages\/70\/revisions\/237"}],"wp:attachment":[{"href":"https:\/\/creationspetitsloupscouture.fr\/index.php\/wp-json\/wp\/v2\/media?parent=70"}],"curies":[{"name":"wp","href":"https:\/\/api.w.org\/{rel}","templated":true}]}}